+ (-20)/5) a composite number?
True
Let s(j) be the third derivative of 5*j**4/24 - 5*j**3/3 + 2*j**2. Let l be 2/(-3) + 29/3. Is s(l) composite?
True
Suppose 4*d + 52360 = 4*n, d - 7 = -4. Is n a prime number?
True
Let j = 43 + -24. Let h = j - 11. Is 14/(0 - h/(-148)) prime?
False
Let m(q) = -q**2 - 10*q + 9. Let g be m(-8). Let a be (-10)/g + (-96)/(-15). Suppose -a*s = -4*s - 614. Is s composite?
False
Suppose 0 = -5*h - 25, 3*g - 9*h + 7*h = 37984. Is g a composite number?
True
Let u be 12/5*100/(-15). Let n = 10 + u. Is (n/2)/((-5)/55) composite?
True
Let o(r) = 156*r**2 - 23*r - 130. Is o(24) prime?
False
Let a be 1*-5*(-27296)/(-80). Let t = a + 3559. Suppose -5*d + t = -w, -7*d + 2*w = -3*d - 1480. Is d prime?
False
Suppose -192*a = -190*a - 16266. Is a a composite number?
True
Let p(w) = 3*w + 5. Let i be p(-6). Let j(r) = -r**3 + 4*r**2 - 4*r + 13. Let y be j(7). Let n = i - y. Is n composite?
False
Let z(m) be the third derivative of -5*m**6/24 + m**5/20 - m**4/24 + m**3/3 - m**2. Is z(-3) a composite number?
True
Suppose 7*v - 635 + 13130 = 0. Let n = -1264 - v. Is n a prime number?
True
Suppose 0 = 36*a - 70706 - 69658. Is a a composite number?
True
Suppose 30645 = 11*v - 150800. Is v prime?
False
Suppose -5*x - 4*k = -3*k - 1587, 5*k - 327 = -x. Is x a prime number?
True
Let c = -6225 - -18340. Is c prime?
False
Let d be -2 + ((-237)/(-4))/((-5)/(-160)). Let b = -703 + d. Is b a prime number?
False
Let u be 2414/4 - (-1)/(-2). Let y(n) = -n**2 - 20*n + 226. Let q be y(-28). Suppose 231 = q*a + 2*c - 181, 0 = -3*a + 2*c + u. Is a prime?
False
Suppose -v = 2 + 6. Suppose 0*w = -w + 34. Let q = w + v. Is q a composite number?
True
Let q be ((-4710)/(-20))/(2/4). Let j = q + -2. Is j a composite number?
True
Let i = -4 - -7. Let p = 2042 - 383. Is ((-1)/i)/((-1)/p) a composite number?
True
Let z(s) = -892*s + 17. Is z(-2) a composite number?
False
Suppose -66*v = -74*v + 264392. Is v a composite number?
False
Suppose -2*r = -r - 5*z - 36, -2*r = 3*z - 124. Let w = r - -50. Let a = w + -39. Is a composite?
False
Let y(c) = 84*c**2 + 8*c + 11. Suppose 4*f - 12 = 10*f. Is y(f) prime?
True
Let m = 17057 - 9018. Is m prime?
True
Let g be (-3 - 10)/(0 - 1). Let x(i) = 2*i - 19. Let v be x(g). Suppose -v*c + 565 = -2*c. Is c composite?
False
Suppose b - 377 = -q, -1528 = -4*q - 0*q + b. Suppose -5*l + 417 + 9 = a, -4*l = -a + q. Is a a composite number?
False
Let n(z) = 51*z - 13. Suppose 4*k + 61 = 3*r, 3*k + 2 + 1 = 0. Let v = 25 - r. Is n(v) a composite number?
False
Let g(i) = i**3 - 25*i**2 + 25*i - 9. Let b be g(24). Suppose -b*k - 8205 = -18*k. Is k a prime number?
False
Let x = -11 - -14. Suppose -4*m + 1763 = -x*m. Is m composite?
True
Suppose 0 = 4*f + 2*w + 4 - 54, -f + 25 = 3*w. Let c(i) = -i**3 + 11*i**2 - 11*i + 7. Let b be c(f). Is 40 + (-4 - (-4 - b)) a prime number?
True
Let a(k) = -k**2 - 4*k - 3. Let s be a(-3). Let b be s + (0 - -3 - 2). Is 2/(-6)*(b + -382) a composite number?
False
Let m(x) = x**3 + 6*x**2 + 4*x + 2. Let g be 2 - 0 - (-5 + -6). Suppose -2*q + 5*p = 4, -5*q - 4*p + 3 - g = 0. Is m(q) a prime number?
False
Let g(z) be the third derivative of 37*z**6/60 - z**5/120 - 2*z**3/3 + 4*z**2. Let u(h) be the first derivative of g(h). Is u(-1) composite?
False
Let u(l) = l**3 - 5*l**2 - l + 7. Let q be u(5). Suppose 1788 = q*j + 218. Is j composite?
True
Let c(t) = 70*t**3 - 2*t**2 + 10*t - 25. Is c(7) prime?
True
Let u(q) = -25*q**2 + 11*q - 13. Let w be u(-9). Let t = w - -3767. Suppose 0*r + t = 5*r. Is r a prime number?
False
Let l = -97 + 239. Suppose 2*t = -4*i + 20, -2*t + i - 12 = -6*t. Suppose 0 = t*f - l - 84. Is f a prime number?
True
Let k = 257 + -111. Let w = 15 - 13. Suppose w*s = 112 + k. Is s composite?
True
Let h = 9 + -14. Let t = -6 - h. Is 4*t/(-2) + 147 a composite number?
False
Suppose 58 = -a + 61. Suppose 3*o - a*p = 1593, -7*p + 2667 = 5*o - 6*p. Is o a prime number?
False
Let o = -45 + 49. Suppose -4*s - o*z + 840 = 0, -4*s + 146 = -5*z - 649. Is s composite?
True
Let r = -171 - -633. Let x = r - 263. Is x prime?
True
Let f(i) = i**2 - 6*i + 3. Let y be f(6). Suppose -y*q - 12 = l, 37 = 4*l + q - 6*q. Is (-38)/l*24/(-16) a prime number?
True
Let b = -5660 - -9271. Is b a composite number?
True
Suppose -222986 = -5*c + 36719. Is c composite?
False
Suppose 0 = -4*x - x - 2235. Let w = x + 213. Is (-2)/(-3)*w/(-12) prime?
True
Let b(m) = -m**3 + 2*m**2 + 4*m + 1. Let n be b(10). Let k = 1342 + n. Is k composite?
True
Suppose -4*o + 2*o = 4. Let s be o/8 + 1166/(-8). Let d = s - -337. Is d prime?
True
Suppose 0 = 74*r - 66*r - 12088. Is r prime?
True
Suppose 0 = -5*g + 4*j + 3259, -5*j + 667 = g - 2*j. Is g a prime number?
False
Let d = 15 - 10. Suppose -y + d*l = 83, -y + 2*l - 134 = y. Let b = y - -96. Is b composite?
True
Let u be 0 - 3 - (-3 + -2). Let c(y) = 76 - y**3 + 2*y**u - 4*y - 75 - y**2. Is c(-4) composite?
False
Is (-75)/175 - (-18056)/7 a prime number?
True
Let v be ((-2)/(-4))/(3/72). Suppose 3*m = v - 3. Suppose 644 = m*w + r, -7*w + 3*w - 5*r = -855. Is w prime?
False
Let j(u) = 3*u**2 - 5*u - 6. Let q be j(-4). Let g be 0 + 2 + 5 + 224. Let d = q + g. Is d prime?
True
Suppose 4*g = -4*h + 4, 2 = -g - 5*h - 9. Let s = -125 - -130. Suppose -g*f + 4 = -s*f, q - 4*f - 267 = 0. Is q prime?
True
Let h = 152 + 2001. Is h prime?
True
Let i be 3*(-3)/(-3)*7. Let l(a) = -31*a + 7. Let v be l(-7). Let m = v - i. Is m prime?
False
Let a = 6762 - 4612. Suppose -3*r + 2389 = -a. Is r a prime number?
False
Let d(h) = -28*h**3 + 2*h**2 + 4*h + 2. Suppose -4*x - 4*x - 16 = 0. Is d(x) a composite number?
True
Suppose -25*z = 580 - 1730. Is z a composite number?
True
Is (2321/(-3))/((-35)/105) composite?
True
Suppose -2*b = b - 471. Let x(n) = -1 - b*n**3 + 10*n - 12*n - n**3. Is x(-1) prime?
False
Let g be ((-36)/15)/(6/(-40)). Let z = 19 - g. Suppose 518 + 1717 = z*v. Is v prime?
False
Suppose -m - 3218 = -8049. Is m a prime number?
True
Let y(k) = -185*k - 13. Let p be y(4). Is p*((-10)/3 + 3) prime?
True
Is 58/493 - ((-170778)/34 - -2) a composite number?
False
Suppose 0*u = u + 4. Is (-13)/(-52) - 2043/u a prime number?
False
Let s(d) = -d**3 + 31*d**2 + 8*d - 25. Is s(31) a prime number?
True
Let x be ((-5)/(-25)*0)/(-2*1). Is (x - 3) + (-3)/(-3)*188 a composite number?
True
Let x = 815 - 1784. Let j = -450 - x. Is j prime?
False
Let m(i) = i**3 + 32*i**2 - 53*i - 65. Is m(-28) a composite number?
True
Let q = 149 - 40. Is q/5 + (-24)/30 composite?
True
Suppose -16 = 2*n - 4*h, 0*n - 5*n = 4*h + 12. Is ((-617)/n - 1)*(5 - 1) prime?
True
Let k = -7 + 12. Let z = 15 + k. Is 44/z - (-2)/(-10) a composite number?
False
Is (4832 + -1)*(-2 - (-11 - -8)) composite?
False
Suppose 3*a + 2*o + 3*o + 274 = 0, 4*a + o + 388 = 0. Is (-1)/7 - 30786/a a prime number?
False
Suppose -433 = -3*a + h, -a + 36 + 113 = -5*h. Is (-2 - (-19)/4)/(12/a) a composite number?
True
Is 6/(-4) - -44858*(-7)/(-28) composite?
False
Let q = 1958 - 1119. Is q prime?
True
Suppose -4417 = -3*m + 6632. Is m prime?
False
Suppose 0 = -3*b + 33 + 69. Is 1*b*((-63)/(-6) - -4) a prime number?
False
Let u = -8709 - -17372. Is u a prime number?
True
Suppose 3*v - 633 = 696. Is v prime?
True
Suppose -4*k = -5*m + 80257, 48151 = 3*m + 8*k - 12*k. Is m a composite number?
True
Let o = -955 + 87. Let x = o + 1521. Is x prime?
True
Let s = -48 - -80. Suppose 4*o - 6*o = 160. Is s/o + (-447)/(-5) composite?
False
Suppose 0 = 2*b - o - 2, 2*b - 14 = 3*o - 8*o. Let w be -5*((-64)/(-20) - b). Is ((-18)/12)/(w/356) a composite number?
False
Let x(n) = n**3 + 4*n**2 + 4*n + 7. Let w be x(-3). Suppose -3*p - 394 = -w*u - 0*p, -2*u + 204 = -5*p. Is u prime?
True
Let o be 197/((-8 - -5)/(-6)). Suppose -r + o + 125 = 4*y, -1527 = -3*r + 3*y. Is r a composite number?
True
Suppose 8*k - 5*k = -15, 0 = -2*v + 5*k + 73071. Is v a prime number?
True
Let o = -50373 + 78488. Is o a prime number?
False
Suppose -5*b = -2 - 8. Suppose -2*w + 5 = -3. Suppose 0 = 3*k + w*f - 137, k + b*f + f = 39. Is k a composite number?
True
Let n be (6 - 5) + 4 + 233. Let k = 617 - n. Is k prime?
True
Let h = 0 + 0. Let u(b) = 2*b + 973 + 7*b - 24*b + 6*b + 8*b. Is u(h) a prime number?
False
Let i = 15421 + -3315. Is i composite?
True
Let o = 9 - 7. Let a(n) = n +